{"id":11,"date":"2018-08-07T05:57:48","date_gmt":"2018-08-07T05:57:48","guid":{"rendered":"http:\/\/www.urban-furniture.cz\/?page_id=11"},"modified":"2021-02-12T12:10:34","modified_gmt":"2021-02-12T12:10:34","slug":"sekce-domovske-stranky","status":"publish","type":"page","link":"https:\/\/www.urban-furniture.cz\/index.php\/sekce-domovske-stranky\/","title":{"rendered":"Materi\u00e1ly \/ kotven\u00ed"},"content":{"rendered":"<p><strong>Ocel<\/strong><\/p>\n<p>Pro na\u0161e ocelov\u00e9 prvky mobili\u00e1\u0159e vyu\u017e\u00edv\u00e1me tu nejkvalitn\u011bj\u0161\u00ed ocel. D\u00edky technologii zpracov\u00e1n\u00ed jednotliv\u00fdch prvk\u016f, nedoch\u00e1z\u00ed k po\u0161kozen\u00ed konstruk\u010dn\u00ed pevnosti a t\u00edm je dosa\u017eeno del\u0161\u00ed \u017eivotnosti mobili\u00e1\u0159e. Z\u00e1kazn\u00edk u n\u00e1s m\u016f\u017ee vyb\u00edrat z nep\u0159ebern\u00e9ho mno\u017estv\u00ed barev:<\/p>\n<div id='gallery-1' class='gallery galleryid-11 gallery-columns-3 gallery-size-thumbnail'><figure class='gallery-item'>\n\t\t\t<div class='gallery-icon portrait'>\n\t\t\t\t<a href='https:\/\/www.urban-furniture.cz\/vzornik_ral_1-2\/'><img width=\"150\" height=\"150\" src=\"https:\/\/www.urban-furniture.cz\/wp-content\/uploads\/2018\/08\/vzornik_ral_1-1-150x150.jpg\" class=\"attachment-thumbnail size-thumbnail\" alt=\"\" decoding=\"async\" loading=\"lazy\" srcset=\"https:\/\/www.urban-furniture.cz\/wp-content\/uploads\/2018\/08\/vzornik_ral_1-1-150x150.jpg 150w, https:\/\/www.urban-furniture.cz\/wp-content\/uploads\/2018\/08\/vzornik_ral_1-1-100x100.jpg 100w\" sizes=\"100vw\" \/><\/a>\n\t\t\t<\/div><\/figure><figure class='gallery-item'>\n\t\t\t<div class='gallery-icon portrait'>\n\t\t\t\t<a href='https:\/\/www.urban-furniture.cz\/vzornik_ral_2\/'><img width=\"150\" height=\"150\" src=\"https:\/\/www.urban-furniture.cz\/wp-content\/uploads\/2018\/08\/vzornik_ral_2-150x150.jpg\" class=\"attachment-thumbnail size-thumbnail\" alt=\"\" decoding=\"async\" loading=\"lazy\" srcset=\"https:\/\/www.urban-furniture.cz\/wp-content\/uploads\/2018\/08\/vzornik_ral_2-150x150.jpg 150w, https:\/\/www.urban-furniture.cz\/wp-content\/uploads\/2018\/08\/vzornik_ral_2-100x100.jpg 100w\" sizes=\"100vw\" \/><\/a>\n\t\t\t<\/div><\/figure><figure class='gallery-item'>\n\t\t\t<div class='gallery-icon portrait'>\n\t\t\t\t<a href='https:\/\/www.urban-furniture.cz\/vzornik_ral_3\/'><img width=\"150\" height=\"150\" src=\"https:\/\/www.urban-furniture.cz\/wp-content\/uploads\/2018\/08\/vzornik_ral_3-150x150.jpg\" class=\"attachment-thumbnail size-thumbnail\" alt=\"\" decoding=\"async\" loading=\"lazy\" srcset=\"https:\/\/www.urban-furniture.cz\/wp-content\/uploads\/2018\/08\/vzornik_ral_3-150x150.jpg 150w, https:\/\/www.urban-furniture.cz\/wp-content\/uploads\/2018\/08\/vzornik_ral_3-100x100.jpg 100w\" sizes=\"100vw\" \/><\/a>\n\t\t\t<\/div><\/figure>\n\t\t<\/div>\n\n<p><strong>D\u0159evo<\/strong><\/p>\n<p>P\u0159i v\u00fdb\u011bru d\u0159eva klademe d\u016fraz&nbsp;na spr\u00e1vnou volbu pr\u016f\u0159ezu pro&nbsp;ka\u017ed\u00fd dan\u00fd p\u0159\u00edpad vyu\u017eit\u00ed. Vyh\u00fdb\u00e1me se st\u0159edu kmene a vyb\u00edr\u00e1me&nbsp;spr\u00e1vn\u00fd sm\u011br let stromu na lamele&nbsp;tak, aby p\u0159i vystaven\u00ed pov\u011btrnostn\u00edm vliv\u016fm nedoch\u00e1zelo k zat\u00e9k\u00e1n\u00ed&nbsp;vody do d\u0159eva a n\u00e1sledn\u00fdm nevratn\u00fdm \u0161kod\u00e1m.<\/p>\n<p><img decoding=\"async\" loading=\"lazy\" class=\"wp-image-93 alignleft\" src=\"http:\/\/www.urban-furniture.cz\/wp-content\/uploads\/2018\/08\/timber_600x400-1-300x200.png\" alt=\"\" width=\"225\" height=\"150\" srcset=\"https:\/\/www.urban-furniture.cz\/wp-content\/uploads\/2018\/08\/timber_600x400-1-300x200.png 300w, https:\/\/www.urban-furniture.cz\/wp-content\/uploads\/2018\/08\/timber_600x400-1.png 600w\" sizes=\"(max-width: 225px) 100vw, 225px\" \/><\/p>\n<p>Smrkov\u00e9 d\u0159evo je od p\u0159\u00edrody bohat\u00e9 na prysky\u0159ici a nen\u00ed tedy zcela nutn\u00e9 ho mo\u0159it \u010di jinak upravovat. V z\u00e1kladn\u00ed variant\u011b smrkov\u00e9 d\u0159evo pouze o\u0161et\u0159\u00edme proti hnilob\u011b a zv\u00fd\u0161\u00edme transparentn\u00edm n\u00e1t\u011brem jeho odolnost v\u016f\u010di UV z\u00e1\u0159en\u00ed.<\/p>\n<p>Jako alternativu je mo\u017eno vyu\u017e\u00edt d\u0159evo dubov\u00e9 a d\u0159evo z tropick\u00fdch d\u0159evin, dle aktu\u00e1ln\u00ed nab\u00eddky.<\/p>\n<p><strong>HPL<\/strong><\/p>\n<p>Vysokotlak\u00fd lamin\u00e1t (High Pressure Laminate) se vyr\u00e1b\u00ed jako velkoform\u00e1tov\u00e9 desky. Tyto jsou v\u0161ak&nbsp;vyroben\u00e9 z vrstven\u00fdch pap\u00edr\u016f impregnovan\u00fdch prysky\u0159ic\u00ed, zalisovan\u00fdch za vysok\u00e9ho tlaku a teploty v&nbsp;kompaktn\u00ed materi\u00e1l, tedy pevnou&nbsp;desku. Vyzna\u010duj\u00ed se vysokou odolnost\u00ed a \u017eivotnost\u00ed s <img decoding=\"async\" loading=\"lazy\" class=\"size-medium wp-image-216 alignright\" src=\"http:\/\/www.urban-furniture.cz\/wp-content\/uploads\/2018\/08\/Global-Decorative-High-pressure-Laminate-Market-300x150.jpg\" alt=\"\" width=\"300\" height=\"150\" srcset=\"https:\/\/www.urban-furniture.cz\/wp-content\/uploads\/2018\/08\/Global-Decorative-High-pressure-Laminate-Market-300x150.jpg 300w, https:\/\/www.urban-furniture.cz\/wp-content\/uploads\/2018\/08\/Global-Decorative-High-pressure-Laminate-Market.jpg 600w\" sizes=\"(max-width: 300px) 100vw, 300px\" \/>minim\u00e1ln\u00edmi&nbsp;n\u00e1klady na \u00fadr\u017ebu. Tyto desky jsou&nbsp;n\u00e1sledn\u011b na CNC stroji roz\u0159ez\u00e1ny&nbsp;na po\u017eadovan\u00e9 rozm\u011bry.&nbsp;Z\u00e1kazn\u00edk u n\u00e1s m\u016f\u017ee vyb\u00edrat z nep\u0159ebern\u00e9ho mno\u017estv\u00ed barev.&nbsp;HPL je tak\u00e9 vyr\u00e1b\u011bno s mnoha r\u016fzn\u00fdmi povrchov\u00fdmi \u00fapravami.<\/p>\n<p><strong>Kotven\u00ed<\/strong><\/p>\n<p>Mobili\u00e1\u0159 lze kotvit k zemi n\u011bkolika zp\u016fsoby. Typy mobili\u00e1\u0159e, kter\u00e9 se umis\u0165uj\u00ed na st\u011bnu, jsou instalov\u00e1ny b\u011b\u017en\u00fdmi chemick\u00fdmi kotvami, nebo speci\u00e1ln\u00edmi kotv\u00edc\u00edmi \u0161rouby . Ostatn\u00ed mobili\u00e1\u0159 se kotv\u00ed do zem\u011b t\u0159emi zp\u016fsoby:<\/p>\n<p><img decoding=\"async\" loading=\"lazy\" class=\" wp-image-430 alignright\" src=\"http:\/\/www.urban-furniture.cz\/wp-content\/uploads\/2018\/08\/Kotven\u00ed-159x300.png\" alt=\"\" width=\"178\" height=\"336\" srcset=\"https:\/\/www.urban-furniture.cz\/wp-content\/uploads\/2018\/08\/Kotven\u00ed-159x300.png 159w, https:\/\/www.urban-furniture.cz\/wp-content\/uploads\/2018\/08\/Kotven\u00ed.png 295w\" sizes=\"(max-width: 178px) 100vw, 178px\" \/><\/p>\n<p><strong>A)<\/strong> Betonov\u00fd z\u00e1klad se z\u00e1vitovou ty\u010d\u00ed. Prvek mobili\u00e1\u0159e je n\u00e1sledn\u011b zaji\u0161t\u011bn&nbsp;l<span style=\"font-size: 1rem;\">epidlem s vysokou pevnost\u00ed. Nelze tak bez pou\u017eit\u00ed spr\u00e1vn\u00e9ho n\u00e1\u0159ad\u00ed demontovat.<\/span><\/p>\n<p>matkou, kter\u00e1 se do z\u00e1vitu zalep\u00ed<\/p>\n<p><strong style=\"font-size: 1rem;\">B)<\/strong><span style=\"font-size: 1rem;\"> Lavi\u010dky a dal\u0161\u00ed men\u0161\u00ed prvky mobili\u00e1\u0159e lze kotvit tak\u00e9 chemickou kotvou. Tento zp\u016fsob lze uplatnit u prvk\u016f, u kter\u00fdch nehroz\u00ed jejich p\u0159evr\u017een\u00ed v d\u016fsledku jejich v\u00fd\u0161ky.<\/span><\/p>\n<p><strong>C)<\/strong> Voln\u011b postaven\u00e9 prvky mobili\u00e1\u0159e. Nejsou nijak zaji\u0161t\u011bny proti p\u0159esunu<\/p>\n<p>Mezi prvky na\u0161eho mobili\u00e1\u0159e se vyskytuje tak\u00e9 typ mobili\u00e1\u0159e, kter\u00fd je t\u0159eba betonovat na m\u00edst\u011b. Tedy kotv\u00edc\u00ed prvky jsou sou\u010d\u00e1st\u00ed mobili\u00e1\u0159e.<\/p>\n<p><strong>Pro v\u00edce informac\u00ed n\u00e1s nev\u00e1hejte kontaktovat na e-mail: info@urban-furniture.cz, telefonn\u00edm \u010d\u00edsle +420 733 126 593 nebo p\u0159es kontaktn\u00ed formul\u00e1\u0159.<\/strong><\/p>\n<p><strong>Kontaktn\u00ed formul\u00e1\u0159:<\/strong><\/p>\n\n<div class=\"wpcf7 no-js\" id=\"wpcf7-f666-o1\" lang=\"cs-CZ\" dir=\"ltr\">\n<div class=\"screen-reader-response\"><p role=\"status\" aria-live=\"polite\" aria-atomic=\"true\"><\/p> <ul><\/ul><\/div>\n<form action=\"\/index.php\/wp-json\/wp\/v2\/pages\/11#wpcf7-f666-o1\" method=\"post\" class=\"wpcf7-form init\" aria-label=\"Kontaktn\u00ed formul\u00e1\u0159\" novalidate=\"novalidate\" data-status=\"init\">\n<div style=\"display: none;\">\n<input type=\"hidden\" name=\"_wpcf7\" value=\"666\" \/>\n<input type=\"hidden\" name=\"_wpcf7_version\" value=\"5.7.4\" \/>\n<input type=\"hidden\" name=\"_wpcf7_locale\" value=\"cs_CZ\" \/>\n<input type=\"hidden\" name=\"_wpcf7_unit_tag\" value=\"wpcf7-f666-o1\" \/>\n<input type=\"hidden\" name=\"_wpcf7_container_post\" value=\"0\" \/>\n<input type=\"hidden\" name=\"_wpcf7_posted_data_hash\" value=\"\" \/>\n<input type=\"hidden\" name=\"_wpcf7_recaptcha_response\" value=\"\" \/>\n<\/div>\n<p><label> Va\u0161e jm\u00e9no (vy\u017eadov\u00e1no)<br \/>\n<span class=\"wpcf7-form-control-wrap\" data-name=\"your-name\"><input size=\"40\" class=\"wpcf7-form-control wpcf7-text wpcf7-validates-as-required\" aria-required=\"true\" aria-invalid=\"false\" value=\"\" type=\"text\" name=\"your-name\" \/><\/span> <\/label>\n<\/p>\n<p><label> V\u00e1\u0161 e-mail (vy\u017eadov\u00e1no)<br \/>\n<span class=\"wpcf7-form-control-wrap\" data-name=\"your-email\"><input size=\"40\" class=\"wpcf7-form-control wpcf7-text wpcf7-email wpcf7-validates-as-required wpcf7-validates-as-email\" aria-required=\"true\" aria-invalid=\"false\" value=\"\" type=\"email\" name=\"your-email\" \/><\/span> <\/label>\n<\/p>\n<p><label> P\u0159edm\u011bt (vy\u017eadov\u00e1no)<br \/>\n<span class=\"wpcf7-form-control-wrap\" data-name=\"your-subject\"><input size=\"40\" class=\"wpcf7-form-control wpcf7-text wpcf7-validates-as-required\" aria-required=\"true\" aria-invalid=\"false\" value=\"\" type=\"text\" name=\"your-subject\" \/><\/span> <\/label>\n<\/p>\n<p><label> Telefonn\u00ed \u010d\u00edslo<br \/>\n<span class=\"wpcf7-form-control-wrap\" data-name=\"tel-453\"><input size=\"40\" class=\"wpcf7-form-control wpcf7-text wpcf7-tel wpcf7-validates-as-required wpcf7-validates-as-tel\" aria-required=\"true\" aria-invalid=\"false\" value=\"\" type=\"tel\" name=\"tel-453\" \/><\/span> <\/label>\n<\/p>\n<p><label> Va\u0161e zpr\u00e1va<br \/>\n<span class=\"wpcf7-form-control-wrap\" data-name=\"your-message\"><textarea cols=\"40\" rows=\"10\" class=\"wpcf7-form-control wpcf7-textarea\" aria-invalid=\"false\" name=\"your-message\"><\/textarea><\/span> <\/label>\n<\/p>\n<p><input class=\"wpcf7-form-control has-spinner wpcf7-submit\" type=\"submit\" value=\"Odeslat\" \/>\n<\/p><p style=\"display: none !important;\"><label>&#916;<textarea name=\"_wpcf7_ak_hp_textarea\" cols=\"45\" rows=\"8\" maxlength=\"100\"><\/textarea><\/label><input type=\"hidden\" id=\"ak_js_1\" name=\"_wpcf7_ak_js\" value=\"212\"\/><script>document.getElementById( \"ak_js_1\" ).setAttribute( \"value\", ( new Date() ).getTime() );<\/script><\/p><div class=\"wpcf7-response-output\" aria-hidden=\"true\"><\/div>\n<\/form>\n<\/div>\n\n<p style=\"text-align: right;\"><a href=\"http:\/\/www.urban-furniture.cz\/index.php\/sekce-domovske-stranky\/\">NAHORU &nbsp;&nbsp;\u2191<\/a><\/p>\n","protected":false},"excerpt":{"rendered":"<p>Ocel Pro na\u0161e ocelov\u00e9 prvky mobili\u00e1\u0159e vyu\u017e\u00edv\u00e1me tu nejkvalitn\u011bj\u0161\u00ed ocel. D\u00edky technologii zpracov\u00e1n\u00ed jednotliv\u00fdch prvk\u016f, nedoch\u00e1z\u00ed k po\u0161kozen\u00ed konstruk\u010dn\u00ed pevnosti a t\u00edm je dosa\u017eeno del\u0161\u00ed \u017eivotnosti mobili\u00e1\u0159e. Z\u00e1kazn\u00edk u n\u00e1s m\u016f\u017ee vyb\u00edrat z nep\u0159ebern\u00e9ho mno\u017estv\u00ed barev: D\u0159evo P\u0159i v\u00fdb\u011bru d\u0159eva klademe d\u016fraz&nbsp;na spr\u00e1vnou volbu pr\u016f\u0159ezu pro&nbsp;ka\u017ed\u00fd dan\u00fd p\u0159\u00edpad vyu\u017eit\u00ed. Vyh\u00fdb\u00e1me se st\u0159edu kmene a vyb\u00edr\u00e1me&nbsp;spr\u00e1vn\u00fd &hellip; <\/p>\n<p class=\"link-more\"><a href=\"https:\/\/www.urban-furniture.cz\/index.php\/sekce-domovske-stranky\/\" class=\"more-link\">Pokra\u010dovat ve \u010dten\u00ed<span class=\"screen-reader-text\"> &#8220;Materi\u00e1ly \/ kotven\u00ed&#8221;<\/span><\/a><\/p>\n","protected":false},"author":1,"featured_media":0,"parent":0,"menu_order":0,"comment_status":"closed","ping_status":"closed","template":"","meta":{"content-type":""},"yoast_head":"<!-- This site is optimized with the Yoast SEO plugin v20.2.1 - https:\/\/yoast.com\/wordpress\/plugins\/seo\/ -->\n<title>Materi\u00e1ly \/ kotven\u00ed &bull; Urban-furniture<\/title>\n<meta name=\"robots\" content=\"index, follow, max-snippet:-1, max-image-preview:large, max-video-preview:-1\" \/>\n<link rel=\"canonical\" href=\"https:\/\/www.urban-furniture.cz\/index.php\/sekce-domovske-stranky\/\" \/>\n<meta property=\"og:locale\" content=\"cs_CZ\" \/>\n<meta property=\"og:type\" content=\"article\" \/>\n<meta property=\"og:title\" content=\"Materi\u00e1ly \/ kotven\u00ed &bull; Urban-furniture\" \/>\n<meta property=\"og:description\" content=\"Ocel Pro na\u0161e ocelov\u00e9 prvky mobili\u00e1\u0159e vyu\u017e\u00edv\u00e1me tu nejkvalitn\u011bj\u0161\u00ed ocel. D\u00edky technologii zpracov\u00e1n\u00ed jednotliv\u00fdch prvk\u016f, nedoch\u00e1z\u00ed k po\u0161kozen\u00ed konstruk\u010dn\u00ed pevnosti a t\u00edm je dosa\u017eeno del\u0161\u00ed \u017eivotnosti mobili\u00e1\u0159e. Z\u00e1kazn\u00edk u n\u00e1s m\u016f\u017ee vyb\u00edrat z nep\u0159ebern\u00e9ho mno\u017estv\u00ed barev: D\u0159evo P\u0159i v\u00fdb\u011bru d\u0159eva klademe d\u016fraz&nbsp;na spr\u00e1vnou volbu pr\u016f\u0159ezu pro&nbsp;ka\u017ed\u00fd dan\u00fd p\u0159\u00edpad vyu\u017eit\u00ed. Vyh\u00fdb\u00e1me se st\u0159edu kmene a vyb\u00edr\u00e1me&nbsp;spr\u00e1vn\u00fd &hellip; Pokra\u010dovat ve \u010dten\u00ed &quot;Materi\u00e1ly \/ kotven\u00ed&quot;\" \/>\n<meta property=\"og:url\" content=\"https:\/\/www.urban-furniture.cz\/index.php\/sekce-domovske-stranky\/\" \/>\n<meta property=\"og:site_name\" content=\"Urban-furniture\" \/>\n<meta property=\"article:publisher\" content=\"https:\/\/www.facebook.com\/urbanfurniturefuture\/\" \/>\n<meta property=\"article:modified_time\" content=\"2021-02-12T12:10:34+00:00\" \/>\n<meta property=\"og:image\" content=\"https:\/\/www.urban-furniture.cz\/wp-content\/uploads\/2018\/08\/vzornik_ral_1-1-150x150.jpg\" \/>\n<meta name=\"twitter:card\" content=\"summary_large_image\" \/>\n<meta name=\"twitter:label1\" content=\"Odhadovan\u00e1 doba \u010dten\u00ed\" \/>\n\t<meta name=\"twitter:data1\" content=\"3 minuty\" \/>\n<script type=\"application\/ld+json\" class=\"yoast-schema-graph\">{\"@context\":\"https:\/\/schema.org\",\"@graph\":[{\"@type\":\"WebPage\",\"@id\":\"https:\/\/www.urban-furniture.cz\/index.php\/sekce-domovske-stranky\/\",\"url\":\"https:\/\/www.urban-furniture.cz\/index.php\/sekce-domovske-stranky\/\",\"name\":\"Materi\u00e1ly \/ kotven\u00ed &bull; Urban-furniture\",\"isPartOf\":{\"@id\":\"https:\/\/www.urban-furniture.cz\/#website\"},\"datePublished\":\"2018-08-07T05:57:48+00:00\",\"dateModified\":\"2021-02-12T12:10:34+00:00\",\"breadcrumb\":{\"@id\":\"https:\/\/www.urban-furniture.cz\/index.php\/sekce-domovske-stranky\/#breadcrumb\"},\"inLanguage\":\"cs\",\"potentialAction\":[{\"@type\":\"ReadAction\",\"target\":[\"https:\/\/www.urban-furniture.cz\/index.php\/sekce-domovske-stranky\/\"]}]},{\"@type\":\"BreadcrumbList\",\"@id\":\"https:\/\/www.urban-furniture.cz\/index.php\/sekce-domovske-stranky\/#breadcrumb\",\"itemListElement\":[{\"@type\":\"ListItem\",\"position\":1,\"name\":\"Dom\u016f\",\"item\":\"https:\/\/www.urban-furniture.cz\/\"},{\"@type\":\"ListItem\",\"position\":2,\"name\":\"Materi\u00e1ly \/ kotven\u00ed\"}]},{\"@type\":\"WebSite\",\"@id\":\"https:\/\/www.urban-furniture.cz\/#website\",\"url\":\"https:\/\/www.urban-furniture.cz\/\",\"name\":\"M\u011bstsk\u00fd mobili\u00e1\u0159\",\"description\":\"m\u011bstsk\u00fd mobili\u00e1\u0159 na m\u00edru\",\"publisher\":{\"@id\":\"https:\/\/www.urban-furniture.cz\/#organization\"},\"potentialAction\":[{\"@type\":\"SearchAction\",\"target\":{\"@type\":\"EntryPoint\",\"urlTemplate\":\"https:\/\/www.urban-furniture.cz\/?s={search_term_string}\"},\"query-input\":\"required name=search_term_string\"}],\"inLanguage\":\"cs\"},{\"@type\":\"Organization\",\"@id\":\"https:\/\/www.urban-furniture.cz\/#organization\",\"name\":\"Urban-furniture s.r.o.\",\"url\":\"https:\/\/www.urban-furniture.cz\/\",\"logo\":{\"@type\":\"ImageObject\",\"inLanguage\":\"cs\",\"@id\":\"https:\/\/www.urban-furniture.cz\/#\/schema\/logo\/image\/\",\"url\":\"https:\/\/www.urban-furniture.cz\/wp-content\/uploads\/2018\/08\/logo-urban.png\",\"contentUrl\":\"https:\/\/www.urban-furniture.cz\/wp-content\/uploads\/2018\/08\/logo-urban.png\",\"width\":1215,\"height\":413,\"caption\":\"Urban-furniture s.r.o.\"},\"image\":{\"@id\":\"https:\/\/www.urban-furniture.cz\/#\/schema\/logo\/image\/\"},\"sameAs\":[\"https:\/\/www.facebook.com\/urbanfurniturefuture\/\"]}]}<\/script>\n<!-- \/ Yoast SEO plugin. -->","yoast_head_json":{"title":"Materi\u00e1ly \/ kotven\u00ed &bull; Urban-furniture","robots":{"index":"index","follow":"follow","max-snippet":"max-snippet:-1","max-image-preview":"max-image-preview:large","max-video-preview":"max-video-preview:-1"},"canonical":"https:\/\/www.urban-furniture.cz\/index.php\/sekce-domovske-stranky\/","og_locale":"cs_CZ","og_type":"article","og_title":"Materi\u00e1ly \/ kotven\u00ed &bull; Urban-furniture","og_description":"Ocel Pro na\u0161e ocelov\u00e9 prvky mobili\u00e1\u0159e vyu\u017e\u00edv\u00e1me tu nejkvalitn\u011bj\u0161\u00ed ocel. D\u00edky technologii zpracov\u00e1n\u00ed jednotliv\u00fdch prvk\u016f, nedoch\u00e1z\u00ed k po\u0161kozen\u00ed konstruk\u010dn\u00ed pevnosti a t\u00edm je dosa\u017eeno del\u0161\u00ed \u017eivotnosti mobili\u00e1\u0159e. Z\u00e1kazn\u00edk u n\u00e1s m\u016f\u017ee vyb\u00edrat z nep\u0159ebern\u00e9ho mno\u017estv\u00ed barev: D\u0159evo P\u0159i v\u00fdb\u011bru d\u0159eva klademe d\u016fraz&nbsp;na spr\u00e1vnou volbu pr\u016f\u0159ezu pro&nbsp;ka\u017ed\u00fd dan\u00fd p\u0159\u00edpad vyu\u017eit\u00ed. Vyh\u00fdb\u00e1me se st\u0159edu kmene a vyb\u00edr\u00e1me&nbsp;spr\u00e1vn\u00fd &hellip; Pokra\u010dovat ve \u010dten\u00ed \"Materi\u00e1ly \/ kotven\u00ed\"","og_url":"https:\/\/www.urban-furniture.cz\/index.php\/sekce-domovske-stranky\/","og_site_name":"Urban-furniture","article_publisher":"https:\/\/www.facebook.com\/urbanfurniturefuture\/","article_modified_time":"2021-02-12T12:10:34+00:00","og_image":[{"url":"https:\/\/www.urban-furniture.cz\/wp-content\/uploads\/2018\/08\/vzornik_ral_1-1-150x150.jpg"}],"twitter_card":"summary_large_image","twitter_misc":{"Odhadovan\u00e1 doba \u010dten\u00ed":"3 minuty"},"schema":{"@context":"https:\/\/schema.org","@graph":[{"@type":"WebPage","@id":"https:\/\/www.urban-furniture.cz\/index.php\/sekce-domovske-stranky\/","url":"https:\/\/www.urban-furniture.cz\/index.php\/sekce-domovske-stranky\/","name":"Materi\u00e1ly \/ kotven\u00ed &bull; Urban-furniture","isPartOf":{"@id":"https:\/\/www.urban-furniture.cz\/#website"},"datePublished":"2018-08-07T05:57:48+00:00","dateModified":"2021-02-12T12:10:34+00:00","breadcrumb":{"@id":"https:\/\/www.urban-furniture.cz\/index.php\/sekce-domovske-stranky\/#breadcrumb"},"inLanguage":"cs","potentialAction":[{"@type":"ReadAction","target":["https:\/\/www.urban-furniture.cz\/index.php\/sekce-domovske-stranky\/"]}]},{"@type":"BreadcrumbList","@id":"https:\/\/www.urban-furniture.cz\/index.php\/sekce-domovske-stranky\/#breadcrumb","itemListElement":[{"@type":"ListItem","position":1,"name":"Dom\u016f","item":"https:\/\/www.urban-furniture.cz\/"},{"@type":"ListItem","position":2,"name":"Materi\u00e1ly \/ kotven\u00ed"}]},{"@type":"WebSite","@id":"https:\/\/www.urban-furniture.cz\/#website","url":"https:\/\/www.urban-furniture.cz\/","name":"M\u011bstsk\u00fd mobili\u00e1\u0159","description":"m\u011bstsk\u00fd mobili\u00e1\u0159 na m\u00edru","publisher":{"@id":"https:\/\/www.urban-furniture.cz\/#organization"},"potentialAction":[{"@type":"SearchAction","target":{"@type":"EntryPoint","urlTemplate":"https:\/\/www.urban-furniture.cz\/?s={search_term_string}"},"query-input":"required name=search_term_string"}],"inLanguage":"cs"},{"@type":"Organization","@id":"https:\/\/www.urban-furniture.cz\/#organization","name":"Urban-furniture s.r.o.","url":"https:\/\/www.urban-furniture.cz\/","logo":{"@type":"ImageObject","inLanguage":"cs","@id":"https:\/\/www.urban-furniture.cz\/#\/schema\/logo\/image\/","url":"https:\/\/www.urban-furniture.cz\/wp-content\/uploads\/2018\/08\/logo-urban.png","contentUrl":"https:\/\/www.urban-furniture.cz\/wp-content\/uploads\/2018\/08\/logo-urban.png","width":1215,"height":413,"caption":"Urban-furniture s.r.o."},"image":{"@id":"https:\/\/www.urban-furniture.cz\/#\/schema\/logo\/image\/"},"sameAs":["https:\/\/www.facebook.com\/urbanfurniturefuture\/"]}]}},"_links":{"self":[{"href":"https:\/\/www.urban-furniture.cz\/index.php\/wp-json\/wp\/v2\/pages\/11"}],"collection":[{"href":"https:\/\/www.urban-furniture.cz\/index.php\/wp-json\/wp\/v2\/pages"}],"about":[{"href":"https:\/\/www.urban-furniture.cz\/index.php\/wp-json\/wp\/v2\/types\/page"}],"author":[{"embeddable":true,"href":"https:\/\/www.urban-furniture.cz\/index.php\/wp-json\/wp\/v2\/users\/1"}],"replies":[{"embeddable":true,"href":"https:\/\/www.urban-furniture.cz\/index.php\/wp-json\/wp\/v2\/comments?post=11"}],"version-history":[{"count":12,"href":"https:\/\/www.urban-furniture.cz\/index.php\/wp-json\/wp\/v2\/pages\/11\/revisions"}],"predecessor-version":[{"id":1056,"href":"https:\/\/www.urban-furniture.cz\/index.php\/wp-json\/wp\/v2\/pages\/11\/revisions\/1056"}],"wp:attachment":[{"href":"https:\/\/www.urban-furniture.cz\/index.php\/wp-json\/wp\/v2\/media?parent=11"}],"curies":[{"name":"wp","href":"https:\/\/api.w.org\/{rel}","templated":true}]}}